{"id":7,"date":"2023-03-22T20:10:53","date_gmt":"2023-03-22T19:10:53","guid":{"rendered":"https:\/\/steibinger-bergnest.de\/?page_id=7"},"modified":"2023-04-02T18:32:46","modified_gmt":"2023-04-02T16:32:46","slug":"startseite","status":"publish","type":"page","link":"https:\/\/steibinger-bergnest.de\/?page_id=7","title":{"rendered":"Beschreibung"},"content":{"rendered":"<div data-colibri-id=\"7-c1\" class=\"style-257 style-local-7-c1 position-relative\">\n  <!---->\n  <div data-colibri-component=\"section\" data-colibri-id=\"7-c2\" id=\"initial-content\" class=\"h-section h-section-global-spacing d-flex align-items-lg-center align-items-md-center align-items-center style-258 style-local-7-c2 position-relative\">\n    <!---->\n    <!---->\n    <div class=\"h-section-grid-container h-section-boxed-container\">\n      <!---->\n      <div data-colibri-id=\"7-c3\" class=\"h-row-container gutters-row-lg-2 gutters-row-md-2 gutters-row-0 gutters-row-v-lg-2 gutters-row-v-md-2 gutters-row-v-2 style-259 style-local-7-c3 position-relative\">\n        <!---->\n        <div class=\"h-row justify-content-lg-center justify-content-md-center justify-content-center align-items-lg-stretch align-items-md-stretch align-items-stretch gutters-col-lg-2 gutters-col-md-2 gutters-col-0 gutters-col-v-lg-2 gutters-col-v-md-2 gutters-col-v-2\">\n          <!---->\n          <div class=\"h-column h-column-container d-flex h-col-lg-auto h-col-md-auto h-col-auto style-260-outer style-local-7-c4-outer\">\n            <div data-colibri-id=\"7-c4\" class=\"d-flex h-flex-basis h-column__inner h-px-lg-2 h-px-md-2 h-px-2 v-inner-lg-2 v-inner-md-2 v-inner-2 style-260 style-local-7-c4 position-relative\">\n              <!---->\n              <!---->\n              <div class=\"w-100 h-y-container h-column__content h-column__v-align flex-basis-100 align-self-lg-start align-self-md-start align-self-start\">\n                <!---->\n                <div data-colibri-id=\"7-c5\" class=\"h-text h-text-component style-262 style-local-7-c5 position-relative h-element\">\n                  <!---->\n                  <!---->\n                  <div class=\"\">\n                    <p><strong>Im Wohnbereich erwartet Sie ein ca. 95m\u00b2 grosse Ferienwohnung mit zwei Schlafzimmern.<\/strong><\/p>\n                    <p>\n                      <br>\n                    <\/p>\n                    <p>Das Wohnzimmer ist ca. 18 m\u00b2 mit Kachelofen f\u00fcr einen gem\u00fctlichen Abend, wenn es draussen einmal frischer ist. Dazu der fest installierte 60 Zoll Flachbildfernseher mit Funktionen f\u00fcr Netflix und Amazon-Prime ausgestattet ist, Sie\n                      d\u00fcrfen sich gerne mit Ihren Zugangsdaten darauf anmelden.<\/p>\n                    <p>Die K\u00fcche ist mit einem extragrossem Cerankochfeld ausgestattet, an welchem jedes Men\u00fc gelingt. Dazu ein Backofen, Mikrowelle und eine eingebaute Sp\u00fclmaschine f\u00fcr den schnellen Abwasch.&nbsp;<\/p>\n                    <p>Mit bei ist ein Gefrierschrank f\u00fcr Ihre Eink\u00e4ufe.<\/p>\n                    <p>Ein grosser Esstisch l\u00e4dt zum gem\u00fctlichen Essen und verweilen ein.&nbsp;<\/p>\n                    <p>Im Badezimmer finden Sie neben der Dusche auch eine Eckbadewanne zum entspannen.<\/p>\n                    <p>Ebenfalls ist eine Waschmaschine vorhanden.<\/p>\n                    <p>Die Sonnenterasse im Garten mit Grill sorgt f\u00fcr erholsame und gesellige Stunden.<\/p>\n                    <p>F\u00fcr die ersten Tage stellen wir ihnen eine Grundausstattung von Kaffee, Seife, Waschmittel, Sp\u00fclmaschinentabs, Sp\u00fclmittel und Toilettenpapier zur Verf\u00fcgung.<\/p>\n                    <p>\n                      <br>\n                    <\/p>\n                    <p><strong><u>Besonderheit:<\/u><\/strong><\/p>\n                    <p>G\u00e4stekarte Oberstaufen-Plus ist im Preis enthalten:\n                      <br>kostenloser Skipass, kostenlose Fahrten mit Bergbahnen, kostenloser Schwimmbad \/ Saunabesuch f\u00fcr alle \u00dcbernachtungsg\u00e4ste.<\/p>\n                    <p>Der Golfplatz Steibis befindet sich ebenfalls im Ort.&nbsp;(20% Nachlass auf das Greenfee f\u00fcr G\u00e4ste des Steibinger Bergnest)\n                      <br>\n                    <\/p>\n                    <p>\n                      <br>\n                    <\/p>\n                    <p>Als kleine Anmerkung:\n                      <br>Dadurch das die Ferienwohnung in einem alten Bauernhaus ist, sind die T\u00fcrrahmen zum Teil niedriger als normal.<\/p>\n                    <p>\n                      <br>\n                    <\/p>\n                  <\/div>\n                <\/div>\n                <div data-colibri-id=\"7-c6\" class=\"d-block style-270 style-local-7-c6 position-relative h-element\">\n                  <!---->\n                  <div class=\"h-image__frame-container-outer\">\n                    <a href=\"https:\/\/www.oberstaufen.de\/plus\" target=\"_blank\" rel=\"nofollow noopener\" h-use-smooth-scroll=\"true\" class=\"image-link\">\n                      <div class=\"h-image__frame-container\">\n                        <!---->\n                        <!---->\n                        <img decoding=\"async\" src=\"https:\/\/steibinger-bergnest.de\/wp-content\/uploads\/2023\/03\/cropped-cropped-Oberstaufen-Plus-Bild-232x300.webp\" class=\"style-270-image style-local-7-c6-image\">\n                        <div class=\"h-image__frame h-hide-lg h-hide-md h-hide-sm style-270-frameImage style-local-7-c6-frameImage\"><\/div>\n                      <\/div>\n                    <\/a>\n                  <\/div>\n                <\/div>\n              <\/div>\n            <\/div>\n          <\/div>\n        <\/div>\n      <\/div>\n    <\/div>\n  <\/div>\n  <div data-colibri-component=\"section\" data-colibri-id=\"7-c7\" id=\"custom\" class=\"h-section h-section-global-spacing d-flex align-items-lg-center align-items-md-center align-items-center style-267 style-local-7-c7 position-relative\">\n    <!---->\n    <!---->\n    <div class=\"h-section-grid-container h-section-boxed-container\">\n      <!---->\n      <div data-colibri-id=\"7-c8\" class=\"h-row-container gutters-row-lg-2 gutters-row-md-2 gutters-row-0 gutters-row-v-lg-2 gutters-row-v-md-2 gutters-row-v-2 style-268 style-local-7-c8 position-relative\">\n        <!---->\n        <div class=\"h-row justify-content-lg-center justify-content-md-center justify-content-center align-items-lg-stretch align-items-md-stretch align-items-stretch gutters-col-lg-2 gutters-col-md-2 gutters-col-0 gutters-col-v-lg-2 gutters-col-v-md-2 gutters-col-v-2\">\n          <!---->\n          <div class=\"h-column h-column-container d-flex h-col-lg-auto h-col-md-auto h-col-auto style-269-outer style-local-7-c9-outer\">\n            <div data-colibri-id=\"7-c9\" class=\"d-flex h-flex-basis h-column__inner h-ui-empty-state-container h-px-lg-2 h-px-md-2 h-px-2 v-inner-lg-2 v-inner-md-2 v-inner-2 style-269 style-local-7-c9 position-relative\">\n              <!---->\n              <!---->\n              <div class=\"w-100 h-y-container h-column__content h-column__v-align flex-basis-100\">\n                <!---->\n              <\/div>\n            <\/div>\n          <\/div>\n        <\/div>\n      <\/div>\n    <\/div>\n  <\/div>\n<\/div>","protected":false},"excerpt":{"rendered":"<p>Im Wohnbereich erwartet Sie ein ca. 95m\u00b2 grosse Ferienwohnung mit zwei Schlafzimmern. Das Wohnzimmer ist ca. 18 m\u00b2 mit Kachelofen f\u00fcr einen gem\u00fctlichen Abend, wenn es draussen einmal frischer ist. Dazu der fest installierte 60 Zoll Flachbildfernseher mit Funktionen f\u00fcr Netflix und Amazon-Prime ausgestattet ist, Sie d\u00fcrfen sich gerne mit Ihren Zugangsdaten darauf anmelden. Die [&hellip;]<\/p>\n","protected":false},"author":1,"featured_media":0,"parent":0,"menu_order":0,"comment_status":"closed","ping_status":"closed","template":"page-templates\/full-width-page.php","meta":{"footnotes":""},"class_list":["post-7","page","type-page","status-publish","hentry"],"yoast_head":"<!-- This site is optimized with the Yoast SEO plugin v24.8.1 - https:\/\/yoast.com\/wordpress\/plugins\/seo\/ -->\n<title>Beschreibung - Ferienwohnung Steibinger Bergnest<\/title>\n<meta name=\"robots\" content=\"index, follow, max-snippet:-1, max-image-preview:large, max-video-preview:-1\" \/>\n<link rel=\"canonical\" href=\"https:\/\/steibinger-bergnest.de\/?page_id=7\" \/>\n<meta property=\"og:locale\" content=\"de_DE\" \/>\n<meta property=\"og:type\" content=\"article\" \/>\n<meta property=\"og:title\" content=\"Beschreibung - Ferienwohnung Steibinger Bergnest\" \/>\n<meta property=\"og:description\" content=\"Im Wohnbereich erwartet Sie ein ca. 95m\u00b2 grosse Ferienwohnung mit zwei Schlafzimmern. Das Wohnzimmer ist ca. 18 m\u00b2 mit Kachelofen f\u00fcr einen gem\u00fctlichen Abend, wenn es draussen einmal frischer ist. Dazu der fest installierte 60 Zoll Flachbildfernseher mit Funktionen f\u00fcr Netflix und Amazon-Prime ausgestattet ist, Sie d\u00fcrfen sich gerne mit Ihren Zugangsdaten darauf anmelden. Die [&hellip;]\" \/>\n<meta property=\"og:url\" content=\"https:\/\/steibinger-bergnest.de\/?page_id=7\" \/>\n<meta property=\"og:site_name\" content=\"Ferienwohnung Steibinger Bergnest\" \/>\n<meta property=\"article:modified_time\" content=\"2023-04-02T16:32:46+00:00\" \/>\n<meta property=\"og:image\" content=\"https:\/\/steibinger-bergnest.de\/wp-content\/uploads\/2023\/03\/cropped-cropped-Oberstaufen-Plus-Bild-232x300.webp\" \/>\n<meta name=\"twitter:card\" content=\"summary_large_image\" \/>\n<meta name=\"twitter:label1\" content=\"Gesch\u00e4tzte Lesezeit\" \/>\n\t<meta name=\"twitter:data1\" content=\"1\u00a0Minute\" \/>\n<script type=\"application\/ld+json\" class=\"yoast-schema-graph\">{\"@context\":\"https:\/\/schema.org\",\"@graph\":[{\"@type\":\"WebPage\",\"@id\":\"https:\/\/steibinger-bergnest.de\/?page_id=7\",\"url\":\"https:\/\/steibinger-bergnest.de\/?page_id=7\",\"name\":\"Beschreibung - Ferienwohnung Steibinger Bergnest\",\"isPartOf\":{\"@id\":\"https:\/\/steibinger-bergnest.de\/#website\"},\"primaryImageOfPage\":{\"@id\":\"https:\/\/steibinger-bergnest.de\/?page_id=7#primaryimage\"},\"image\":{\"@id\":\"https:\/\/steibinger-bergnest.de\/?page_id=7#primaryimage\"},\"thumbnailUrl\":\"https:\/\/steibinger-bergnest.de\/wp-content\/uploads\/2023\/03\/cropped-cropped-Oberstaufen-Plus-Bild-232x300.webp\",\"datePublished\":\"2023-03-22T19:10:53+00:00\",\"dateModified\":\"2023-04-02T16:32:46+00:00\",\"breadcrumb\":{\"@id\":\"https:\/\/steibinger-bergnest.de\/?page_id=7#breadcrumb\"},\"inLanguage\":\"de\",\"potentialAction\":[{\"@type\":\"ReadAction\",\"target\":[\"https:\/\/steibinger-bergnest.de\/?page_id=7\"]}]},{\"@type\":\"ImageObject\",\"inLanguage\":\"de\",\"@id\":\"https:\/\/steibinger-bergnest.de\/?page_id=7#primaryimage\",\"url\":\"https:\/\/steibinger-bergnest.de\/wp-content\/uploads\/2023\/03\/cropped-cropped-Oberstaufen-Plus-Bild-232x300.webp\",\"contentUrl\":\"https:\/\/steibinger-bergnest.de\/wp-content\/uploads\/2023\/03\/cropped-cropped-Oberstaufen-Plus-Bild-232x300.webp\"},{\"@type\":\"BreadcrumbList\",\"@id\":\"https:\/\/steibinger-bergnest.de\/?page_id=7#breadcrumb\",\"itemListElement\":[{\"@type\":\"ListItem\",\"position\":1,\"name\":\"Startseite\",\"item\":\"https:\/\/steibinger-bergnest.de\/\"},{\"@type\":\"ListItem\",\"position\":2,\"name\":\"Beschreibung\"}]},{\"@type\":\"WebSite\",\"@id\":\"https:\/\/steibinger-bergnest.de\/#website\",\"url\":\"https:\/\/steibinger-bergnest.de\/\",\"name\":\"Ferienwohnung Steibinger Bergnest\",\"description\":\"Traumhafte Ferienwohnung in einem 300 Jahre alten Bauernhaus in Steibis. Oberstaufen Plus: Freie Fahrt mit Bergbahnen, Skipass, Erlebnisbad, Minigolf und mehr!\",\"publisher\":{\"@id\":\"https:\/\/steibinger-bergnest.de\/#organization\"},\"potentialAction\":[{\"@type\":\"SearchAction\",\"target\":{\"@type\":\"EntryPoint\",\"urlTemplate\":\"https:\/\/steibinger-bergnest.de\/?s={search_term_string}\"},\"query-input\":{\"@type\":\"PropertyValueSpecification\",\"valueRequired\":true,\"valueName\":\"search_term_string\"}}],\"inLanguage\":\"de\"},{\"@type\":\"Organization\",\"@id\":\"https:\/\/steibinger-bergnest.de\/#organization\",\"name\":\"Ferienwohnung Steibinger Bergnest\",\"url\":\"https:\/\/steibinger-bergnest.de\/\",\"logo\":{\"@type\":\"ImageObject\",\"inLanguage\":\"de\",\"@id\":\"https:\/\/steibinger-bergnest.de\/#\/schema\/logo\/image\/\",\"url\":\"https:\/\/steibinger-bergnest.de\/wp-content\/uploads\/2024\/10\/Logo-Berngst-OHNE-Hintergund.png\",\"contentUrl\":\"https:\/\/steibinger-bergnest.de\/wp-content\/uploads\/2024\/10\/Logo-Berngst-OHNE-Hintergund.png\",\"width\":1414,\"height\":1247,\"caption\":\"Ferienwohnung Steibinger Bergnest\"},\"image\":{\"@id\":\"https:\/\/steibinger-bergnest.de\/#\/schema\/logo\/image\/\"}}]}<\/script>\n<!-- \/ Yoast SEO plugin. -->","yoast_head_json":{"title":"Beschreibung - Ferienwohnung Steibinger Bergnest","robots":{"index":"index","follow":"follow","max-snippet":"max-snippet:-1","max-image-preview":"max-image-preview:large","max-video-preview":"max-video-preview:-1"},"canonical":"https:\/\/steibinger-bergnest.de\/?page_id=7","og_locale":"de_DE","og_type":"article","og_title":"Beschreibung - Ferienwohnung Steibinger Bergnest","og_description":"Im Wohnbereich erwartet Sie ein ca. 95m\u00b2 grosse Ferienwohnung mit zwei Schlafzimmern. Das Wohnzimmer ist ca. 18 m\u00b2 mit Kachelofen f\u00fcr einen gem\u00fctlichen Abend, wenn es draussen einmal frischer ist. Dazu der fest installierte 60 Zoll Flachbildfernseher mit Funktionen f\u00fcr Netflix und Amazon-Prime ausgestattet ist, Sie d\u00fcrfen sich gerne mit Ihren Zugangsdaten darauf anmelden. Die [&hellip;]","og_url":"https:\/\/steibinger-bergnest.de\/?page_id=7","og_site_name":"Ferienwohnung Steibinger Bergnest","article_modified_time":"2023-04-02T16:32:46+00:00","og_image":[{"url":"https:\/\/steibinger-bergnest.de\/wp-content\/uploads\/2023\/03\/cropped-cropped-Oberstaufen-Plus-Bild-232x300.webp","type":"","width":"","height":""}],"twitter_card":"summary_large_image","twitter_misc":{"Gesch\u00e4tzte Lesezeit":"1\u00a0Minute"},"schema":{"@context":"https:\/\/schema.org","@graph":[{"@type":"WebPage","@id":"https:\/\/steibinger-bergnest.de\/?page_id=7","url":"https:\/\/steibinger-bergnest.de\/?page_id=7","name":"Beschreibung - Ferienwohnung Steibinger Bergnest","isPartOf":{"@id":"https:\/\/steibinger-bergnest.de\/#website"},"primaryImageOfPage":{"@id":"https:\/\/steibinger-bergnest.de\/?page_id=7#primaryimage"},"image":{"@id":"https:\/\/steibinger-bergnest.de\/?page_id=7#primaryimage"},"thumbnailUrl":"https:\/\/steibinger-bergnest.de\/wp-content\/uploads\/2023\/03\/cropped-cropped-Oberstaufen-Plus-Bild-232x300.webp","datePublished":"2023-03-22T19:10:53+00:00","dateModified":"2023-04-02T16:32:46+00:00","breadcrumb":{"@id":"https:\/\/steibinger-bergnest.de\/?page_id=7#breadcrumb"},"inLanguage":"de","potentialAction":[{"@type":"ReadAction","target":["https:\/\/steibinger-bergnest.de\/?page_id=7"]}]},{"@type":"ImageObject","inLanguage":"de","@id":"https:\/\/steibinger-bergnest.de\/?page_id=7#primaryimage","url":"https:\/\/steibinger-bergnest.de\/wp-content\/uploads\/2023\/03\/cropped-cropped-Oberstaufen-Plus-Bild-232x300.webp","contentUrl":"https:\/\/steibinger-bergnest.de\/wp-content\/uploads\/2023\/03\/cropped-cropped-Oberstaufen-Plus-Bild-232x300.webp"},{"@type":"BreadcrumbList","@id":"https:\/\/steibinger-bergnest.de\/?page_id=7#breadcrumb","itemListElement":[{"@type":"ListItem","position":1,"name":"Startseite","item":"https:\/\/steibinger-bergnest.de\/"},{"@type":"ListItem","position":2,"name":"Beschreibung"}]},{"@type":"WebSite","@id":"https:\/\/steibinger-bergnest.de\/#website","url":"https:\/\/steibinger-bergnest.de\/","name":"Ferienwohnung Steibinger Bergnest","description":"Traumhafte Ferienwohnung in einem 300 Jahre alten Bauernhaus in Steibis. Oberstaufen Plus: Freie Fahrt mit Bergbahnen, Skipass, Erlebnisbad, Minigolf und mehr!","publisher":{"@id":"https:\/\/steibinger-bergnest.de\/#organization"},"potentialAction":[{"@type":"SearchAction","target":{"@type":"EntryPoint","urlTemplate":"https:\/\/steibinger-bergnest.de\/?s={search_term_string}"},"query-input":{"@type":"PropertyValueSpecification","valueRequired":true,"valueName":"search_term_string"}}],"inLanguage":"de"},{"@type":"Organization","@id":"https:\/\/steibinger-bergnest.de\/#organization","name":"Ferienwohnung Steibinger Bergnest","url":"https:\/\/steibinger-bergnest.de\/","logo":{"@type":"ImageObject","inLanguage":"de","@id":"https:\/\/steibinger-bergnest.de\/#\/schema\/logo\/image\/","url":"https:\/\/steibinger-bergnest.de\/wp-content\/uploads\/2024\/10\/Logo-Berngst-OHNE-Hintergund.png","contentUrl":"https:\/\/steibinger-bergnest.de\/wp-content\/uploads\/2024\/10\/Logo-Berngst-OHNE-Hintergund.png","width":1414,"height":1247,"caption":"Ferienwohnung Steibinger Bergnest"},"image":{"@id":"https:\/\/steibinger-bergnest.de\/#\/schema\/logo\/image\/"}}]}},"_links":{"self":[{"href":"https:\/\/steibinger-bergnest.de\/index.php?rest_route=\/wp\/v2\/pages\/7","targetHints":{"allow":["GET"]}}],"collection":[{"href":"https:\/\/steibinger-bergnest.de\/index.php?rest_route=\/wp\/v2\/pages"}],"about":[{"href":"https:\/\/steibinger-bergnest.de\/index.php?rest_route=\/wp\/v2\/types\/page"}],"author":[{"embeddable":true,"href":"https:\/\/steibinger-bergnest.de\/index.php?rest_route=\/wp\/v2\/users\/1"}],"replies":[{"embeddable":true,"href":"https:\/\/steibinger-bergnest.de\/index.php?rest_route=%2Fwp%2Fv2%2Fcomments&post=7"}],"version-history":[{"count":14,"href":"https:\/\/steibinger-bergnest.de\/index.php?rest_route=\/wp\/v2\/pages\/7\/revisions"}],"predecessor-version":[{"id":515,"href":"https:\/\/steibinger-bergnest.de\/index.php?rest_route=\/wp\/v2\/pages\/7\/revisions\/515"}],"wp:attachment":[{"href":"https:\/\/steibinger-bergnest.de\/index.php?rest_route=%2Fwp%2Fv2%2Fmedia&parent=7"}],"curies":[{"name":"wp","href":"https:\/\/api.w.org\/{rel}","templated":true}]}}